{"id":4569,"date":"2020-04-29T19:38:14","date_gmt":"2020-04-29T19:38:14","guid":{"rendered":"http:\/\/sksruchizdrowie.pl\/?page_id=4569"},"modified":"2020-04-29T19:38:14","modified_gmt":"2020-04-29T19:38:14","slug":"dzialalnosc-w-roku-2020","status":"publish","type":"page","link":"http:\/\/sksruchizdrowie.pl\/?page_id=4569","title":{"rendered":"Dzia\u0142alno\u015b\u0107 w roku 2020"},"content":{"rendered":"\n<h5><span style=\"color: #ff0000;\"><strong>Dzia\u0142alno\u015b\u0107 SKS w 2020 roku.<\/strong><\/span><br \/><strong>I. Wycieczki jednodniowe.<\/strong><br \/>W cenie wycieczek jednodniowych: transport, przewodnicy, bilety wst\u0119pu, obiad, PZU.<br \/>Wyjazd z przystanku przy Multikinie (Metro Imielin)<br \/>1. Kulig \u00a0 28.01.2020 \u00a0 (wtorek) \u00a0\u00a0 75 z\u0142. \u00a0 Wyjazd o g.14.00<br \/>2.Sieradz 12.03.2020\u00a0 (czwartek)\u00a0 90 z\u0142.\u00a0 Wyj. g. 7.00 Bo\u017c.<br \/><span style=\"color: #800000;\">Zwiedzamy: klasztor i ko\u015bci\u00f3\u0142 \u015bw.Stanis\u0142awa z XIII w. (pere\u0142ka architektoniczna, muzeum<\/span><br \/><span style=\"color: #800000;\">okr\u0119gowe, zabytkowy rynek, bazulik\u0119 mniejsz\u0105, wzg\u00f3rze zamkowe.<\/span><br \/>3.Czersk, G\u00f3ra Kalwaria, Warka 02.04.2020 (czwartek) 90 z\u0142. Wyjazd 8.00 Irena<br \/><span style=\"color: #800000;\">Zwiedzamy: zamek w Czersku; G\u00f3ra Kalwaria: spacer po mie\u015bcie oraz wizyta w sanktuarium<\/span><br \/><span style=\"color: #800000;\">\u015bw.Ojca Stanis\u0142awa Papczy\u0144skiego; Warka: muzeum, spacer \u015bladami Pu\u0142askiego,<\/span><br \/><span style=\"color: #800000;\">rynek, ratusz, klasztor; Ma\u0142a Wie\u015b: pa\u0142ac z pi\u0119knym parkiem.<\/span><br \/>4. Rog\u00f3w \u00a0 07.05.2020\u00a0 (czwartek)\u00a0 85 z\u0142.\u00a0 Wyjazd 8.00 Aga<br \/><span style=\"color: #800000;\">Zwiedzamy: arboretum z przewodnikiem. W maju b\u0119dzie tam kwit\u0142o wiele r\u00f3\u017cnych ro\u015blin<\/span><br \/><span style=\"color: #800000;\">m.in. rododendrony. Atrakcj\u0105 wycieczki b\u0119dzie przeja\u017cd\u017cka kolejk\u0105 w\u0105skotorow\u0105.<\/span><br \/>5. \u017belazowa Wola\u00a0 02.06.2020\u00a0 (wtorek)\u00a0 60 z\u0142. \u00a0Wyjazd 8.00 Bo\u017c.<br \/><span style=\"color: #800000;\">Zwiedzamy: bazylik\u0119 w Brochowie, dworek i park w \u017belazowej Woli,<\/span><br \/><span style=\"color: #800000;\">ko\u015bci\u00f3\u0142 i muzeum w Niepokalanowie.<\/span><br \/>6. Szlakiem Che\u0142mo\u0144skiego\u00a0 17.09.2020\u00a0 (czwartek)\u00a0 75 z\u0142.\u00a0 Wyjazd 8.00 Irena<br \/><span style=\"color: #800000;\">Zwiedzamy: Grodzisk Maz., Adamowizne (szko\u0142a i 2 dworki), Biniszewice, Radziejowice (pa\u0142ac<\/span><br \/><span style=\"color: #800000;\">park, Galeri\u0119), Wol\u0119 P\u0119koszewsk\u0105 (dworek), Ojrzan\u00f3w (cmentarz,ko\u015bci\u00f3\u0142), \u017babia Wol\u0119.<\/span><br \/>7. Tomasz\u00f3w\u00a0 22.10.2020\u00a0 (czwartek) \u00a0 70 z\u0142.\u00a0 Wyjazd 7.00 Bo\u017c.<br \/><span style=\"color: #800000;\">Zwiedzamy: rezerwat Niebieskich \u0179r\u00f3de\u0142, sanktuarium w Smardzewicach, groty, kopalni\u0119 piasku,<\/span><br \/><span style=\"color: #800000;\">Spa\u0142a: COS, centrum, kaplic\u0119 Prezydent\u00f3w, bunkry kolejowe, ko\u015bci\u00f3\u0142 w Inow\u0142odzu.<\/span><br \/><strong>II. Wycieczki wielodniowe.<\/strong><br \/>W cenie wycieczek kilkudniowych: transport, pobyt w pokoju z \u0142azienk\u0105, wy\u017cywienie<br \/>klimatyczne, PZU. W wycieczkach: 1, 4, 7-10 tak\u017ce przewodnicy i bilety wst\u0119pu.<br \/>1. Krak\u00f3w\u00a0 24-26.03.2020 \u00a0 3 dni \u00a0 450 z\u0142. \u00a0 Wyjazd 6.00 Aga<br \/><span style=\"color: #0000ff;\">Zwiedzamy m.in..: Wawel, Stare Miasto, Kazimierz, pi\u0119knie po\u0142o\u017cone opactwo\u00a0 Benedyktyn\u00f3w w Ty\u0144cu, zamek kr\u00f3lewski w Niepo\u0142omicach nigdy nie uko\u0144czony zamek Krzy\u017ctop\u00f3r w Uje\u017adzie.<\/span><br \/>2. Zakopane (O.W.Kolejarz)\u00a0 17-24.04.2020 \u00a0 (8 dni) \u00a0 750 z\u0142. \u00a0\u00a0 Wyjazd 7.00 Ania<br \/><span style=\"color: #0000ff;\">Na miejscu b\u0119d\u0105 organizowane wycieczk<\/span>i<br \/>3. Ustka (O.W.Rado\u015b\u0107)\u00a0 15-22.05.2020 \u00a0 (8 dni) \u00a0 870 z\u0142. \u00a0\u00a0 <span style=\"color: #0000ff;\">Asia<\/span><br \/><span style=\"color: #0000ff;\">O\u015brodek po\u0142o\u017cony jest 20m. od szerokiej, piaszczystej pla\u017cy. Jedziemy poci\u0105giem dziennym <\/span><span style=\"color: #0000ff;\">do S\u0142upska, a potem autokarem. B\u0119d\u0105 organizowane wycieczki i r\u00f3\u017cne rozrywki<\/span><br \/>4. Dolny \u015al\u0105sk (Karpacz&#8221;Stokrotka&#8221;) \u00a0 19-26.06.2020 \u00a0 (8 dni) \u00a0 900 z\u0142. \u00a0\u00a0 Wyjazd 6.00 Aga<br \/><span style=\"color: #0000ff;\">Zwiedzamy m.in.: Ko\u015bci\u00f3\u0142 Pokoju w Jaworze wpisny na list\u0119 UNESCO, szlak literacki\u00a0 <\/span><span style=\"color: #0000ff;\">w okolicach letniego domu Olgi Tokarczuk, \u015anie\u017ck\u0119 i pa\u0142ace u podn\u00f3\u017ca tej g\u00f3ry,\u00a0 <\/span><span style=\"color: #0000ff;\">dolin\u0119 Bobru (m.in. Wie\u017c\u0119 Ksi\u0105\u017c\u0119c\u0105 w Siedl\u0119cinie i stare budowle hydrotechniczne)<\/span><br \/>5. Sp\u0142yw &#8211; ustalony w p\u00f3\u017aniejszym terminie z Fundacj\u0105 AVE &#8211; Marek Hernik i Asia<br \/>6. Wicie \u00a0 13-25.07.2020 \u00a0 (13 dni) \u00a0 1 400 z\u0142. \u00a0\u00a0 Aga<br \/>7. Jura Krakowsko-Cz\u0119stochowska \u00a0 24-29.08.2020 \u00a0 (6 dni) \u00a0\u00a0 650 z\u0142. \u00a0 Wyjazd 6.00 Aga<br \/><span style=\"color: #0000ff;\">Zwiedzamy m.in.: przepi\u0119kn\u0105 dolin\u0119 Pr\u0105dnika, zamek w Ogrodzie\u0144cu, Olsztynie\u00a0 i Smoleniu, jaskinie, a w drodze powrotnej J\u0119drzej\u00f3w z muzeum zegar\u00f3w. \u00a0Mieszkamy w bardzo \u0142adnym miejscu z widokiem na zamek w Mirowie.<\/span><br \/>8. Pojezierze I\u0142awskie \u00a0 7-9.09.2020 \u00a0\u00a0 (3 dni) \u00a0\u00a0 420 z\u0142. \u00a0\u00a0 Wyjazd 7.00 Asia<br \/><span style=\"color: #0000ff;\">Zwiedzamy: Olsztynek: Muzeum Budownictwa Ludowego, Hut\u0119 Szk\u0142a; mieszkamyw Domu Polonii w Ostr\u00f3dzie i st\u0105d rejs statkiem; Brodnica:\u00a0 m.in..Pa\u0142ace Anny Waz\u00f3wny, Spichlerz , Piramida; Golub Dobrzy\u0144:zamek.<\/span><br \/>9. Bia\u0142owie\u017ca\u00a0 29.09-01.10.2020 \u00a0 (3 dni) \u00a0\u00a0 380 z\u0142. \u00a0 Irena<br \/><span style=\"color: #0000ff;\">Zwiedzamy: Bia\u0142owie\u017c\u0119 (Park Pa\u0142acowy, Muzeum, cerkiew \u015bw.Miko\u0142aja, ko\u015bci\u00f3\u0142 Sw.Teresy), Rezerwat \u017bubr\u00f3w, Szlak D\u0119b\u00f3w, przeja\u017cd\u017cka drezynami, Hajn\u00f3wka (sob\u00f3r \u015bw.Tr\u00f3jcy), Park Miniatur Zabytk\u00f3w Podlasia, uroczysko Krynoczka<\/span>.<br \/>10. G\u00f3rny \u015al\u0105sk (Katowice)\u00a0 13-15.10.2020 \u00a0 (3 dni) \u00a0 450 z\u0142. \u00a0 Bo\u017c.<br \/><span style=\"color: #0000ff;\">Zwiedzamy: Katowice:m.in.budynek Sejmu, katedr\u0119, Filharmoni\u0119, Muzeum \u015al\u0105skie; Pszczyna; zamek, park; Tychy: Browary z degustacj\u0105; Tarnowskie G\u00f3ry: zabytkowa kopalnia, star\u00f3wka.<\/span><\/h5>\n<h5><br \/><strong>III. Zaj\u0119cia ruchowe.<\/strong><br \/>1, Cimnastyka I i II p\u00f3lrocze 2020 roku. Karnety w firmie &#8222;Zdrofit&#8221; ul.Bukowi\u0144ska 22:\u00a0 17 godzin zaj\u0119\u0107 w cenie 90z\u0142. (w ka\u017cdym p\u00f3\u0142roczu)<br \/>2. Nordic Walking\u00a0 W ka\u017cd\u0105 \u015brod\u0119, przez ca\u0142y rok spotykamy si\u0119 o godz. 9.30 przy wyj\u015bciu z Metra Kabaty po stronie TESCO i razem, w grupach idziemy do Powsina z kijkami lub bez.<br \/>3. Sekcja rowerowa. 4. Kr\u0119gle.<\/h5>\n<h5><br \/><strong>IV.<\/strong> Rajdy<strong>.<\/strong><br \/>1. Powitanie wiosny\u00a0 18.03.2020\u00a0 (\u015broda)<br \/>Spotykamy si\u0119 o godz.9.30 przy wyj\u015bciu z Metra Kabaty po stronie TESCO. Na polance ogniskowej w Powsinie b\u0119dzie pieczenie kie\u0142basek, gry, zabawy, \u015bpiewy, palenie Marzanny i inne atrakcje.<br \/>2. Po\u017cegnanie lata\u00a0 19.09.2020\u00a0 (sobota)<br \/>Spotykamy si\u0119 o godz.10.00 przy stacji PKP Piaseczno (dojazd autobusem 709 z p\u0119tli Metro Wilanowska) i razem idziemy do G\u00f3rek Szymona. Tam b\u0119dzie ognisko z pieczeniem kie\u0142basek oraz gry i zabawy.<\/h5>\n<h5><br \/><strong>V. Zasady zapis\u00f3w na imrezy.<\/strong><br \/>1. Pierwsze\u0144stwo zapis\u00f3w maj\u0105 cz\u0142onkowie SKS, kt\u00f3rzy maj\u0105 op\u0142acone sk\u0142adki. Je\u015bli s\u0105 wolne miejsca, zalisujemy osoby, kt\u00f3re nie s\u0105 cz\u0142onkami SKS.<br \/>2. Odwo\u0142anie imprezy: je\u015bli nie zbierze si\u0119 liczba uczestnik\u00f3w, na kt\u00f3r\u0105 impreza by\u0142a kalkulowana, zostanie ona odwo\u0142ana.<br \/>3. Sposoby p\u0142atno\u015bci:<br \/>&#8211; got\u00f3wk\u0105 tylko w biurze. Bardzo prosimy o przynoszenie odliczonych pieni\u0119dzy.<br \/>&#8211; przelewem na konto w banku PKO-BP:<br \/>Numer: 90 1440 1387 0000 0000 1453 5721<br \/>Nazwa: Agnieszka \u0141ochowska, Anna Patkowska<br \/>Adres: ul.Hirszfelda 16\/36 02-776 Warszawa<br \/>po uprzedniej rezerwacji telefonicznej. Je\u015bli wp\u0142ata nie wp\u0142ynie<br \/>w ci\u0105gu 7 dni, osoba ta zostanie skre\u015blona z listy uczestnik\u00f3w.<br \/>4. Zapisy na: &#8211; wycieczki 3-dniowe przyjmowane s\u0105 wraz z wp\u0142at\u0105 zaliczki minimum 100z\u0142.<br \/>&#8211; wycieczki wielodniowe przyjmowane s\u0105 wraz z wp\u0142at\u0105 zaliczki minimum 300z\u0142.<br \/>&#8211; wycieczki jednodniowe i gimnastyk\u0119 przyjmowane s\u0105 wraz z pe\u0142n\u0105 op\u0142at\u0105.<\/h5>\n<h5><br \/><strong>VI. <\/strong>Terminy<b> zapis\u00f3w.<\/b>\u00a0 Podawane na stronie Aktualno\u015bci sukcesywnie\u00a0<\/h5>\n","protected":false},"excerpt":{"rendered":"<p>Dzia\u0142alno\u015b\u0107 SKS w 2020 roku.I. Wycieczki jednodniowe.W cenie wycieczek jednodniowych: transport, przewodnicy, bilety wst\u0119pu, obiad, PZU.Wyjazd z przystanku przy Multikinie (Metro Imielin)1. Kulig \u00a0 28.01.2020 \u00a0 (wtorek) \u00a0\u00a0 75 z\u0142. \u00a0 Wyjazd o g.14.002.Sieradz 12.03.2020\u00a0 (czwartek)\u00a0 90 z\u0142.\u00a0 Wyj. g. 7.00 Bo\u017c.Zwiedzamy: klasztor i ko\u015bci\u00f3\u0142 \u015bw.Stanis\u0142awa z XIII w. (pere\u0142ka architektoniczna, muzeumokr\u0119gowe, zabytkowy rynek, bazulik\u0119 &#8230; <a title=\"Dzia\u0142alno\u015b\u0107 w roku 2020\" class=\"read-more\" href=\"http:\/\/sksruchizdrowie.pl\/?page_id=4569\" aria-label=\"More on Dzia\u0142alno\u015b\u0107 w roku 2020\">Czytaj dalej<\/a><\/p>\n","protected":false},"author":3,"featured_media":0,"parent":0,"menu_order":0,"comment_status":"closed","ping_status":"closed","template":"","meta":{"footnotes":""},"class_list":["post-4569","page","type-page","status-publish"],"acf":[],"_links":{"self":[{"href":"http:\/\/sksruchizdrowie.pl\/index.php?rest_route=\/wp\/v2\/pages\/4569","targetHints":{"allow":["GET"]}}],"collection":[{"href":"http:\/\/sksruchizdrowie.pl\/index.php?rest_route=\/wp\/v2\/pages"}],"about":[{"href":"http:\/\/sksruchizdrowie.pl\/index.php?rest_route=\/wp\/v2\/types\/page"}],"author":[{"embeddable":true,"href":"http:\/\/sksruchizdrowie.pl\/index.php?rest_route=\/wp\/v2\/users\/3"}],"replies":[{"embeddable":true,"href":"http:\/\/sksruchizdrowie.pl\/index.php?rest_route=%2Fwp%2Fv2%2Fcomments&post=4569"}],"version-history":[{"count":1,"href":"http:\/\/sksruchizdrowie.pl\/index.php?rest_route=\/wp\/v2\/pages\/4569\/revisions"}],"predecessor-version":[{"id":4570,"href":"http:\/\/sksruchizdrowie.pl\/index.php?rest_route=\/wp\/v2\/pages\/4569\/revisions\/4570"}],"wp:attachment":[{"href":"http:\/\/sksruchizdrowie.pl\/index.php?rest_route=%2Fwp%2Fv2%2Fmedia&parent=4569"}],"curies":[{"name":"wp","href":"https:\/\/api.w.org\/{rel}","templated":true}]}}