{"id":9891,"date":"2025-02-26T17:13:33","date_gmt":"2025-02-26T17:13:33","guid":{"rendered":"https:\/\/sksruchizdrowie.pl\/?page_id=9891"},"modified":"2025-04-17T15:43:16","modified_gmt":"2025-04-17T15:43:16","slug":"sks-w-2025-roku","status":"publish","type":"page","link":"http:\/\/sksruchizdrowie.pl\/?page_id=9891","title":{"rendered":"SKS w 2025 roku"},"content":{"rendered":"\n<h2><strong><u>Przedstawiamy propozycje wycieczek\u00a0<\/u><\/strong><strong><u>na rok 2025<\/u><\/strong><\/h2>\n<p><strong>\u00a0<\/strong><span style=\"color: #339966;\"><strong>JEDNODNIOWE<\/strong><\/span><\/p>\n<ol>\n<li><strong>Sandomierz\u00a0 \u00a0 \u00a0\u00a0\u00a0\u00a0\u00a0\u00a0\u00a0\u00a0&#8211;\u00a0 \u00a0 \u00a021.03\u00a0\u00a0\u00a0\u00a0\u00a0 <\/strong>&#8211; Bo\u017cenka<\/li>\n<li><strong>Kielce\u00a0 \u00a0 \u00a0 \u00a0 \u00a0 \u00a0 \u00a0 \u00a0\u00a0\u00a0\u00a0\u00a0\u00a0\u00a0\u00a0\u00a0 &#8211;\u00a0 \u00a0 \u00a010.04\u00a0\u00a0\u00a0\u00a0\u00a0 &#8211;<\/strong> Bo\u017cenka<\/li>\n<li><strong>Grabarka Mielnik &#8211; \u00a0 \u00a0 23.05<\/strong>\u00a0\u00a0\u00a0\u00a0\u00a0 &#8211; Ewa<\/li>\n<li><strong>Otwock Wielki\u00a0 \u00a0 \u00a0 \u00a0&#8211;\u00a0 \u00a0 \u00a018.06\u00a0\u00a0<\/strong>\u00a0 \u00a0 &#8211; Bo\u017cenka<\/li>\n<li><strong>Warka (dzie\u0144 jab\u0142ka) &#8211; 28.09<\/strong>\u00a0 \u00a0&#8211; Ewa<\/li>\n<li><strong>Karolin-Otr\u0119busy \u00a0&#8211;\u00a0 \u00a0 \u00a0 23.10<\/strong><\/li>\n<li><strong>Cz\u0119stochowa\u00a0 \u00a0 \u00a0 \u00a0 \u00a0 &#8211;\u00a0\u00a0\u00a0\u00a0 \u00a014.11<\/strong><\/li>\n<\/ol>\n<p><span style=\"color: #0000ff;\"><strong>\u00a0<\/strong><strong>WIELODNIOWE<\/strong><\/span><\/p>\n<ol>\n<li><strong>Olsztyn i okolice\u00a0\u00a0\u00a0 \u00a0 \u00a0 \u00a024-27.04<\/strong>\u00a0\u00a0\u00a0 &#8211; Bo\u017cenka<\/li>\n<li><strong> Kaszuby\u00a0 \u00a0 \u00a0 \u00a0 \u00a0 \u00a0 \u00a0 \u00a0 \u00a0 \u00a0 \u00a0 \u00a0 \u00a0 1-3.06\u00a0 \u00a0 \u00a0 \u00a0 &#8211; <\/strong>Bo\u017cenka<\/li>\n<li><strong> Beskid Niski\u00a0 \u00a0 \u00a0 \u00a0 \u00a0 \u00a0 \u00a0 \u00a0 10-15.06<\/strong>\u00a0 \u00a0 \u00a0&#8211; Agnieszka<\/li>\n<li><strong> ROWY\u00a0 \u00a0 \u00a0 \u00a0 \u00a0 \u00a0 \u00a0 \u00a0 \u00a0 \u00a0 \u00a0 19.09-26.09\u00a0 \u00a0 \u00a0<\/strong>&#8211; Bo\u017cenka<\/li>\n<li><strong> BIESZCZADY\u00a0 \u00a0 \u00a0 \u00a0 \u00a0 \u00a0 \u00a0 \u00a0 4-11.10 <\/strong><\/li>\n<\/ol>\n<p><span style=\"color: #ff00ff;\"><strong>\u00a0<\/strong><strong>WYCIECZKI POBYTOWE<\/strong><\/span><\/p>\n<ol>\n<li><strong> USTRONIE MORSKIE- 15-29.03 <\/strong>-Asia<\/li>\n<li><strong> \u015aWINOUJ\u015aCIE\u00a0 \u00a0 \u00a0 \u00a0 \u00a0 \u00a0 \u00a0 \u00a0 \u00a0 -5-15.05 <\/strong>-Ewa<\/li>\n<li><strong> USTKA\u00a0 \u00a0 \u00a0 \u00a0 \u00a0 \u00a0 \u00a0 \u00a0 \u00a0 \u00a0 \u00a0 \u00a0 \u00a0 \u00a0 \u00a0 \u00a0&#8211; 23-29.05<\/strong>-Asia<\/li>\n<li><strong> WICIE\u00a0 \u00a0 \u00a0 \u00a0 \u00a0 \u00a0 \u00a0 \u00a0 \u00a0 \u00a0 \u00a0 \u00a0 \u00a0 \u00a0 \u00a0 \u00a0 &#8211; 14-26.<\/strong>07 -Agnieszka<\/li>\n<li><strong> WICIE\u00a0 \u00a0 \u00a0 \u00a0 \u00a0 \u00a0 \u00a0 \u00a0 \u00a0 \u00a0 \u00a0 \u00a0 \u00a0 \u00a0 \u00a0 \u00a0 &#8211; 11-23.08-<\/strong>Tereska + Aga<\/li>\n<li><strong> JASTARNIA\u00a0 \u00a0 \u00a0 \u00a0 \u00a0 \u00a0 \u00a0 \u00a0 \u00a0&#8211; 31.08-6.09<\/strong> -Ewa<\/li>\n<li><strong> ZAKOPANE\u00a0 \u00a0 \u00a0 \u00a0 \u00a0 \u00a0 \u00a0 \u00a0 \u00a0&#8211; 13.10.-19.10<\/strong><\/li>\n<\/ol>\n","protected":false},"excerpt":{"rendered":"<p>Przedstawiamy propozycje wycieczek\u00a0na rok 2025 \u00a0JEDNODNIOWE Sandomierz\u00a0 \u00a0 \u00a0\u00a0\u00a0\u00a0\u00a0\u00a0\u00a0\u00a0&#8211;\u00a0 \u00a0 \u00a021.03\u00a0\u00a0\u00a0\u00a0\u00a0 &#8211; Bo\u017cenka Kielce\u00a0 \u00a0 \u00a0 \u00a0 \u00a0 \u00a0 \u00a0 \u00a0\u00a0\u00a0\u00a0\u00a0\u00a0\u00a0\u00a0\u00a0 &#8211;\u00a0 \u00a0 \u00a010.04\u00a0\u00a0\u00a0\u00a0\u00a0 &#8211; Bo\u017cenka Grabarka Mielnik &#8211; \u00a0 \u00a0 23.05\u00a0\u00a0\u00a0\u00a0\u00a0 &#8211; Ewa Otwock Wielki\u00a0 \u00a0 \u00a0 \u00a0&#8211;\u00a0 \u00a0 \u00a018.06\u00a0\u00a0\u00a0 \u00a0 &#8211; Bo\u017cenka Warka (dzie\u0144 jab\u0142ka) &#8211; 28.09\u00a0 \u00a0&#8211; Ewa Karolin-Otr\u0119busy \u00a0&#8211;\u00a0 \u00a0 \u00a0 &#8230; <a title=\"SKS w 2025 roku\" class=\"read-more\" href=\"http:\/\/sksruchizdrowie.pl\/?page_id=9891\" aria-label=\"More on SKS w 2025 roku\">Czytaj dalej<\/a><\/p>\n","protected":false},"author":3,"featured_media":0,"parent":0,"menu_order":0,"comment_status":"closed","ping_status":"closed","template":"","meta":{"footnotes":""},"class_list":["post-9891","page","type-page","status-publish"],"acf":[],"_links":{"self":[{"href":"http:\/\/sksruchizdrowie.pl\/index.php?rest_route=\/wp\/v2\/pages\/9891","targetHints":{"allow":["GET"]}}],"collection":[{"href":"http:\/\/sksruchizdrowie.pl\/index.php?rest_route=\/wp\/v2\/pages"}],"about":[{"href":"http:\/\/sksruchizdrowie.pl\/index.php?rest_route=\/wp\/v2\/types\/page"}],"author":[{"embeddable":true,"href":"http:\/\/sksruchizdrowie.pl\/index.php?rest_route=\/wp\/v2\/users\/3"}],"replies":[{"embeddable":true,"href":"http:\/\/sksruchizdrowie.pl\/index.php?rest_route=%2Fwp%2Fv2%2Fcomments&post=9891"}],"version-history":[{"count":3,"href":"http:\/\/sksruchizdrowie.pl\/index.php?rest_route=\/wp\/v2\/pages\/9891\/revisions"}],"predecessor-version":[{"id":9984,"href":"http:\/\/sksruchizdrowie.pl\/index.php?rest_route=\/wp\/v2\/pages\/9891\/revisions\/9984"}],"wp:attachment":[{"href":"http:\/\/sksruchizdrowie.pl\/index.php?rest_route=%2Fwp%2Fv2%2Fmedia&parent=9891"}],"curies":[{"name":"wp","href":"https:\/\/api.w.org\/{rel}","templated":true}]}}